What is the greatest common factor of 38726 and 134?
134
Calculate the greatest common factor of 1664 and 24.
8
Calculate the greatest common divisor of 7290 and 30.
30
What is the highest common factor of 10 and 430?
10
What is the greatest common factor of 57 and 95?
19
Calculate the highest common factor of 5064 and 24.
24
Calculate the greatest common factor of 17 and 527.
17
Calculate the greatest common factor of 51 and 1428.
51
Calculate the greatest common factor of 4 and 36132.
4
What is the greatest common factor of 395 and 237?
79
What is the highest common factor of 885 and 6?
3
Calculate the greatest common factor of 2300 and 69.
23
What is the highest common factor of 195 and 12?
3
Calculate the greatest common factor of 14 and 1204.
14
What is the greatest common divisor of 352 and 13024?
352
What is the greatest common divisor of 63 and 1974?
21
What is the greatest common factor of 455 and 3276?
91
Calculate the greatest common divisor of 40 and 24.
8
Calculate the greatest common factor of 14 and 26.
2
Calculate the greatest common divisor of 65 and 4.
1
What is the greatest common divisor of 1243 and 2599?
113
What is the highest common factor of 19 and 6574?
19
What is the highest common factor of 1598 and 34?
34
What is the greatest common factor of 68 and 544?
68
Calculate the greatest common factor of 264 and 176.
88
Calculate the greatest common factor of 66 and 102.
6
Calculate the greatest common divisor of 308 and 110.
22
Calculate the greatest common factor of 8 and 21.
1
Calculate the greatest common divisor of 11 and 5885.
11
Calculate the greatest common factor of 11 and 22.
11
Calculate the greatest common factor of 7 and 161.
7
What is the highest common divisor of 2825 and 175?
25
What is the highest common factor of 561 and 132?
33
What is the greatest common divisor of 70 and 760?
10
Calculate the greatest common divisor of 66 and 150.
6
What is the highest common factor of 1036 and 12?
4
Calculate the highest common divisor of 490 and 190.
10
What is the greatest common divisor of 806 and 62?
62
Calculate the highest common factor of 6 and 105.
3
What is the highest common divisor of 3717 and 189?
63
Calculate the highest common factor of 180 and 240.
60
What is the greatest common divisor of 425 and 34?
17
What is the greatest common divisor of 8 and 6616?
8
Calculate the greatest common divisor of 208 and 112.
16
What is the highest common factor of 51 and 17?
17
What is the highest common factor of 12 and 68?
4
What is the greatest common factor of 88 and 638?
22
What is the highest common factor of 442 and 52?
26
What is the greatest common divisor of 14 and 1358?
14
Calculate the highest common factor of 105 and 189.
21
Calculate the highest common factor of 72 and 333.
9
What is the highest common divisor of 9 and 3897?
9
What is the greatest common divisor of 1355 and 45?
5
What is the highest common divisor of 59 and 30208?
59
Calculate the highest common factor of 14928 and 32.
16
Calculate the greatest common divisor of 2975 and 1071.
119
What is the greatest common divisor of 336 and 12?
12
Calculate the greatest common factor of 896 and 7.
7
Calculate the greatest common factor of 49 and 252.
7
Calculate the greatest common factor of 819 and 585.
117
What is the highest common divisor of 65 and 1066?
13
Calculate the greatest common factor of 57 and 76.
19
Calculate the highest common factor of 321 and 4066.
107
What is the highest common divisor of 31452 and 12?
12
What is the greatest common divisor of 4431 and 21?
21
Calculate the greatest common divisor of 1976 and 361.
19
What is the highest common divisor of 2608 and 48?
16
Calculate the highest common factor of 40 and 120.
40
Calculate the highest common divisor of 41 and 2993.
41
What is the highest common factor of 5 and 655?
5
What is the highest common divisor of 936 and 4576?
104
Calculate the greatest common divisor of 780 and 104.
52
Calculate the greatest common divisor of 7625 and 15.
5
What is the greatest common factor of 114 and 6099?
57
What is the greatest common divisor of 143 and 11?
11
What is the highest common divisor of 4431 and 21?
21
What is the greatest common divisor of 5258 and 22?
22
What is the highest common divisor of 6 and 75?
3
What is the greatest common factor of 7 and 497?
7
What is the greatest common factor of 240 and 48?
48
What is the highest common divisor of 35 and 3353?
7
Calculate the greatest common factor of 1 and 32.
1
What is the greatest common factor of 84 and 3444?
84
Calculate the greatest common factor of 3165 and 45.
15
Calculate the highest common factor of 13 and 143.
13
Calculate the highest common divisor of 5677 and 28.
7
Calculate the greatest common divisor of 9 and 33075.
9
What is the highest common factor of 11 and 132?
11
Calculate the greatest common factor of 62 and 1147.
31
What is the highest common divisor of 690 and 290?
10
Calculate the highest common factor of 710 and 130.
10
What is the greatest common factor of 12466 and 92?
46
Calculate the highest common divisor of 81 and 33.
3
What is the highest common divisor of 29213 and 262?
131
Calculate the highest common divisor of 45 and 36.
9
Calculate the highest common factor of 66 and 957.
33
Calculate the highest common factor of 24 and 192.
24
Calculate the greatest common divisor of 312 and 1196.
52
Calculate the highest common divisor of 284 and 497.
71
What is the greatest common factor of 2046 and 110?
22
What is the greatest common divisor of 224 and 224?
224
Calculate the highest common factor of 3060 and 2142.
306
What is the highest common divisor of 230 and 92?
46
Calculate the highest common factor of 388 and 291.
97
Calculate the highest common factor of 45 and 441.
9
Calculate the greatest common factor of 513 and 57.
57
What is the greatest common factor of 2 and 106?
2
What is the highest common divisor of 484 and 638?
22
Calculate the greatest common divisor of 116 and 290.
58
Calculate the greatest common factor of 581 and 14.
7
Calculate the greatest common divisor of 5504 and 172.
172
What is the greatest common divisor of 178 and 2759?
89
What is the highest common divisor of 2872 and 16?
8
Calculate the highest common divisor of 1107 and 27.
27
Calculate the highest common factor of 96 and 20.
4
What is the highest common factor of 7714 and 7?
7
Calculate the greatest common factor of 194 and 5723.
97
Calculate the highest common factor of 2 and 54.
2
Calculate the highest common divisor of 221 and 17.
17
Calculate the highest common divisor of 103 and 1.
1
What is the highest common factor of 551 and 19?
19
What is the highest common factor of 187 and 34?
17
Calculate the greatest common factor of 36 and 972.
36
What is the highest common factor of 28 and 1022?
14
What is the greatest common divisor of 190 and 13072?
38
Calculate the highest common factor of 39 and 124878.
39
Calculate the highest common factor of 48 and 516.
12
What is the highest common divisor of 35 and 4305?
35
Calculate the greatest common divisor of 48 and 36.
12
Calculate the greatest common factor of 364 and 39.
13
Calculate the greatest common divisor of 1078 and 22.
22
What is the greatest common factor of 17 and 221?
17
What is the highest common divisor of 1050 and 225?
75
Calculate the greatest common factor of 703 and 2299.
19
What is the greatest common factor of 142 and 50552?
142
What is the highest common divisor of 4 and 46?
2
What is the highest common divisor of 438 and 21316?
146
Calculate the highest common divisor of 166 and 3901.
83
Calculate the greatest common divisor of 48 and 112.
16
What is the greatest common factor of 245 and 931?
49
What is the highest common divisor of 20808 and 72?
72
What is the highest common divisor of 74 and 962?
74
What is the highest common factor of 601 and 1?
1
What is the greatest common factor of 16248 and 24?
24
Calculate the greatest common divisor of 69 and 10097.
23
Calculate the greatest common factor of 84 and 7532.
28
What is the highest common factor of 20 and 3328?
4
What is the highest common factor of 57 and 4807?
19
What is the greatest common divisor of 96 and 240?
48
Calculate the greatest common divisor of 583 and 53.
53
What is the highest common d